 r(w) = w**3 + 4*w**2 + 3*w + 5. Let b be r(-3). Suppose 2 + 8 = b*u. Let c(p) = 209*p - 1. Is c(u) a prime number?
False
Let d = -57 + 60. Let z be 14/(-3) - (-2)/d. Is 2*(-706)/z*4 - -3 composite?
True
Suppose -21*o + 25*o - 289388 = 3*l, 5*o - 361733 = 4*l. Is o composite?
False
Let k = -118 + 318. Suppose -4*l - 85 - 85 = -5*s, -5*s + k = 2*l. Suppose s = -f + 492. Is f a composite number?
True
Let k = 566 + -561. Suppose -6*s + s = 2*f - 70715, 4*f = -k*s + 70715. Is s prime?
True
Suppose -2*o - 8 + 86 = -4*z, 3*z - 5*o + 48 = 0. Let p = z - -26. Suppose a + u - 182 = 0, p*a - 171 = -u + 735. Is a prime?
True
Suppose 737 + 616 = -k. Let c = -646 - k. Is c a prime number?
False
Suppose 3*x = -4*q + 433, -5*q + 0*q = 5*x - 715. Let r = x + -137. Suppose -r*w - 97 = -2*s - 5*w, w = -s + 50. Is s composite?
False
Let o = -51 + 193. Suppose 0 = -3*u - 2*h - 2*h - 5, -h = 5. Is o - u - (1 - -3) prime?
False
Let g = -54 - -57. Suppose -g*u = -2*u - 95. Suppose -2*q + u = 3*q. Is q composite?
False
Let q(n) = 192*n - 1. Let z be q(2). Suppose -4*l - 319 = 729. Let t = l + z. Is t a prime number?
False
Let a = -801348 + 1138759. Is a a prime number?
True
Let y(h) = -3*h**2 + 12*h + 4. Let x(i) = -i**3 + 16*i**2 - 61*i - 21. Let j = 98 - 109. Let b(d) = j*y(d) - 2*x(d). Is b(8) a prime number?
False
Let a(n) = 8*n**2 + 12. Let l be a(-9). Suppose 2*f + 8048 - l = 0. Is 3*-2*f/12 composite?
False
Suppose 0 = -s + 2*y + 851, 0 = -y + 33 - 28. Let j = s - 782. Is j a prime number?
True
Suppose -5*g + 5*z + 3615 = 635, -4*g + 5*z + 2389 = 0. Suppose -5*c - 2615 = -5*v, 3*v - 982 = 2*c + g. Suppose -181 = -4*f + v. Is f composite?
True
Suppose w - 2*l = -8871 + 101418, -4*w - 3*l = -370199. Is w prime?
False
Is ((-20 - 765254) + 5)/(-1) a prime number?
False
Suppose 3*f + 3*a - 365514 = 0, 0*a = -5*f - 4*a + 609195. Is f a prime number?
True
Let c(j) = 667*j**2 - 18*j + 94. Is c(14) a composite number?
True
Suppose -b = -14*s + 6*s - 995769, -4978989 = -5*b + 4*s. Is b composite?
False
Let t(g) be the second derivative of 65*g**3/6 + 18*g**2 + 22*g. Let w be t(10). Suppose 11*l - 1569 = w. Is l composite?
True
Let w = 85 - 94. Let v be (10 - 0)/2 + 9/w. Suppose -v*r + 14*r = 890. Is r composite?
False
Is (254/6)/((-3)/((-315)/7)) prime?
False
Let a = -350830 - -520224. Is a a prime number?
False
Suppose -1877424 = -4*w + 198379 - 196175. Is w prime?
True
Suppose 2286*s + 6951 = 2293*s. Let j be ((-9)/(-6) + 0)*2. Suppose -3*q = -j*l + s, 3*q = -q. Is l prime?
True
Let c = 10889 + 1898. Is c a composite number?
True
Suppose 0 = -34*p - 31*p + 3123185. Is p a prime number?
True
Let r = 617 - 611. Is (-970 + 3)*(-13 - r) a prime number?
False
Suppose -2*n - 205*p = -208*p - 42508, 0 = 3*n - 4*p - 63763. Is n a prime number?
False
Let j be 237*1/24 + 1/8. Let v(x) = 11*x**2 + 17*x - 15. Is v(j) composite?
True
Let y(r) = 160125*r**2 - 40*r - 38. Is y(-1) a composite number?
True
Let d = 12083 - 7230. Is d a composite number?
True
Let g(t) = 23918*t**3 - 33*t**2 + 95*t + 5. Is g(3) a prime number?
False
Is ((-974)/20 - (-165)/825)/(1/(-10394)) prime?
False
Let p be (3 - (4 + 5 - 5))*20. Is (p - -6454)*(6/(-4) + 2) prime?
True
Let o = 9196 - 1928. Let v = o + 3033. Is v composite?
False
Suppose 5*j = 25, -5950 - 2761 = -2*c + 5*j. Suppose -q - 3010 = 2*s - 3*s, -4*q = 5*s + 12013. Let r = q + c. Is r a prime number?
True
Suppose -5*z = -c - 10, z - 5*z - 4 = -2*c. Suppose -75 = -c*h + 5*h. Is h a prime number?
False
Is 448/336*((-312701)/(-4) + -2) prime?
True
Let a be (-136)/22 + (-4)/(-22). Let l be a/(-9)*(-42)/(-4). Suppose 15*q - 424 = l*q. Is q a composite number?
False
Suppose -184*x + 3813630 + 4168832 = -3094154. Is x prime?
False
Let z(k) be the second derivative of -481*k**3/6 + 93*k**2/2 - 2*k + 41. Is z(-18) a prime number?
False
Let j(q) = 1052*q**3 - 25*q**2 - 32*q + 104. Is j(11) prime?
True
Let h be -24*(40/(-30) - 50/(-24)). Let v(p) = -p**3 - 13*p**2 + 19*p - 17. Is v(h) composite?
True
Let m(p) = 4*p**2 + 5*p + 10. Let q be m(-8). Suppose -3*n = -4*d + 2123, 4*d - 4*n - 2354 = -q. Is d a prime number?
False
Suppose -2*r + 1398 = -786. Suppose 4*c = -7*k + 10*k + 4345, 5*k = -c + r. Is c a composite number?
False
Is (-47)/((-564)/72) - -148885 a composite number?
False
Let d be 1/(-15)*-5 + 3568/6. Let i = d + -54. Is i a prime number?
True
Let d(q) = -13*q**2 + 35*q - 10. Let x(y) = 6*y**2 - 17*y + 8. Let i(k) = -3*d(k) - 5*x(k). Is i(-21) a prime number?
False
Let f(j) = -7968*j**3 - 4*j**2 - 8*j - 5. Let p(d) = -d**3 - 8*d**2 - 7*d + 29. Let r be p(-6). Is f(r) a prime number?
False
Let x(r) = 23331*r - 506. Is x(19) prime?
False
Suppose -9*x + 7*x = -4*b + 75646, 2*b = -5*x + 37793. Suppose -7*t + 16*t - b = 0. Is t composite?
True
Let c(g) = g**3 + 7*g**2 + 2*g - 4. Let n be c(-5). Let z be (-17)/2*(n*-1 + -4). Suppose 1158 - z = 2*q. Is q a composite number?
False
Suppose 5*h - 4*f = 205545, 6*f = -h + 3*f + 41128. Is h composite?
False
Suppose 0 = -5*b - 16*i + 13*i + 144563, 3*b - 4*i = 86703. Is b a composite number?
False
Suppose 22*y = 15*y + 2685557. Is y a prime number?
True
Let m = 100 - 80. Suppose -19*j = -m*j. Is (-1)/(1 + (-292)/290 - j) a prime number?
False
Let x(g) = 2*g**3 - 9*g**2 - 30*g - 44. Let w be x(18). Is ((-48)/18)/(-8) + w/6 prime?
True
Is 65465*(156/18 + -9)*(-12)/10 composite?
True
Let h(c) = 463*c - 13. Suppose n = 3*q, 2*n - 5*q - 1 = 3. Suppose -7*i + 10*i = n. Is h(i) composite?
True
Suppose 0 = 5*d - 1021981 - 4464. Is d a prime number?
False
Suppose 0 = -4*i + 3*g - 29641, 3*i - 2*g = 2*i - 7414. Let r = 481 - i. Suppose 0 = 6*h - 33587 + r. Is h a composite number?
False
Let a = 28840 + -3747. Is a a composite number?
True
Let q be 15/(3/(1 - -5)*-3). Let r be (-7 - q)*1340/3. Let x = r + -25. Is x prime?
False
Let o(k) = 38674*k - 15. Is o(4) a composite number?
False
Suppose -g + 35776 = 6*q - 3*q, 3*g + 59622 = 5*q. Suppose 3*m = -2*m + q. Suppose -2*a = -m + 587. Is a prime?
False
Suppose -c + 21 = -0*s - s, 5*s - 3*c = -103. Is (0 + (-652)/16)*s prime?
False
Suppose t + 2*j = 4*t - 9, -t - 5*j - 14 = 0. Let d be (8798/(-3))/(t/(-18)). Is d/30 + -2 + (-6)/10 a composite number?
True
Let u be (1/3)/(5/(-10))*-63. Suppose -f = -433 - u. Suppose 7*w - 12*w = -f. Is w a composite number?
True
Let f = -60976 - -175917. Is f prime?
True
Let u(x) = -x**2 - 11*x + 9. Let a be u(-13). Let b = a + 19. Is 58/6*(11 - b) a prime number?
False
Let b = 214007 + -138348. Is b a prime number?
True
Suppose 0 = 3*r - 17*b + 22*b - 197, -3*b + 355 = 5*r. Is r/2*(-1702)/(-46) prime?
False
Let c be (6 - 9) + 980 + 0/2. Let i = -1678 - -3072. Let z = i - c. Is z prime?
False
Is (-1)/(((-29496420)/4369776)/9 - (-3)/4) a composite number?
True
Is (((-7953984)/(-90))/(-16))/(-1 - (-3)/5) prime?
False
Let a(b) = 657*b**2 - 2*b - 558. Is a(-26) a prime number?
False
Suppose -31*t = -7*t - 13508904. Is t a composite number?
False
Is 16244 + 8 + 2 - (3 + 2) prime?
True
Suppose 2*m - 161660 + 35602 = 0. Is m a composite number?
False
Suppose 5*o = 3*o - 8. Let n be 3*(-1 - (0 - o)). Is (-636)/(-5) - n/(-75) prime?
True
Let w(h) = -10*h - 50. Suppose -2*s = 2*p + 34, -3*p = -s - 19 + 86. Let q be w(p). Suppose o = 43 + q. Is o a composite number?
True
Let o(r) = 7*r**3 + 6*r**2 + 4*r - 59. Let h be o(15). Let a = h - 9881. Is a prime?
False
Is (-3295545)/(-66)*1/(5/4) prime?
False
Suppose -5*p - 5*m = -5, 2*m - 4 = -p + 2. Let x(q) be the second derivative of -101*q**3/6 + 9*q**2 - 170*q - 1. Is x(p) prime?
False
Suppose 5*t - 566076 = 2*w + 427423, 2*w - 794810 = -4*t. Is t composite?
False
Let n(g) = -1082*g + 101. Let z be n(-9). Let m = 14976 - z. Is m a prime number?
False
Let j(a) = -192*a**3 + 2*a**2 - 41*a - 19. Is j(-6) a prime number?
True
Let u(t) = -t**3 + t**2 + t + 89. Let q be (3/(-2))/(3/(-8)). Suppose 2*m - m - 2 = 2*b, 4*b + 8 = q*m. Is u(b) a prime number?
True
Suppose -2*n + 1108638 - 273034 = 6*s, 3*s + 417856 = n. Is n a prime number?
False
Suppose 0 = -2*v + 10*u - 7*u + 7751, 0 = 2*v + 4*u - 7716. Let n = v - 275. Is n composite?
False
Let h(z) = -8*z**2 - 18*z - 7. Let q be h(-4). Let p = 59 + q. Let d(i) = i**3 + 3*i**2 - 9*i + 3. Is d(p) composite?
False
Let p = 2638 - 7255. Let c = p - -9026. Is